 + 3. Give c(3).
0
Let k(a) = a**3 + 9*a**2 + 12*a - 5. Give k(-7).
9
Let b(h) = -2*h**3 - 8*h**2 - h + 3. Give b(-3).
-12
Let g(a) = 33*a - 41. Determine g(-3).
-140
Let m(d) = 4*d**2 + 25*d - 11. Calculate m(-7).
10
Let z(p) = -4*p**2 - 9*p - 6. Determine z(-3).
-15
Let p(z) = -z**3 + 15*z**2 - 3*z + 29. What is p(15)?
-16
Let l(r) = r**3 - 5*r**2 - 14*r - 6. What is l(7)?
-6
Let d(a) = -6*a + 27. Calculate d(4).
3
Let j(z) = 18*z + 5. What is j(3)?
59
Let j(m) = -m**2 - 14*m - 13. Calculate j(-11).
20
Let w(p) = -3*p**2 + 5*p + 43. Calculate w(-4).
-25
Let z(h) = h**3 - 14*h**2 - 22*h + 100. Calculate z(15).
-5
Let q(k) = -5*k - 13. Calculate q(-6).
17
Let a(b) = -b**3 - 3*b**2 + 9*b - 6. Calculate a(-5).
-1
Let k(o) = o - 6. Determine k(22).
16
Let v(k) = -k**2 - 14*k - 16. Calculate v(-12).
8
Let r(c) = c**2 + 9*c - 34. Determine r(-16).
78
Let x(h) = -43*h - 296. Calculate x(-7).
5
Let a(u) = -9*u**2 + 13*u - 27. What is a(2)?
-37
Let p(u) = -u**3 - 6*u**2 + 15*u - 14. Give p(-8).
-6
Let f(c) = -c - 2. What is f(-14)?
12
Let z(q) = -6*q + 1. Determine z(-3).
19
Let r(t) = -t**2 - 41*t - 212. What is r(-35)?
-2
Let z(x) = -x**2 - 14*x - 57. Determine z(-6).
-9
Let b(z) = z**3 - 2*z**2 + z. Calculate b(3).
12
Let c(w) = 14*w + 6. Calculate c(-6).
-78
Let v(w) = 89*w - 1694. Give v(19).
-3
Let z(c) = -c**3 - 3*c**2 + 5*c - 1. Determine z(-4).
-5
Let y(u) = 6*u**3 - u**2 + 3*u + 4. What is y(-2)?
-54
Let k(w) = -w**3 + 3*w**2 + 28*w - 1. Determine k(7).
-1
Let h(q) = -q + 23. What is h(25)?
-2
Let v(h) = h**3 + 11*h**2 + 6*h + 43. Calculate v(-10).
83
Let h(u) = -2*u + 18. Calculate h(-9).
36
Let m(a) = -13*a + 10. Determine m(-6).
88
Let q(z) = 5*z + 104. Determine q(-17).
19
Let n(k) = 2*k**2 - 15*k - 77. Give n(11).
0
Let k(z) = -z**2 - z + 16. What is k(-5)?
-4
Let i(r) = -r + 4. What is i(4)?
0
Let h(v) = -4*v - 139. Calculate h(-33).
-7
Let w(s) = 4*s + 37. What is w(-15)?
-23
Let i(c) = 2*c**3 + 14*c**2 + 17*c + 19. Give i(-6).
-11
Let o(w) = w**3 - 2*w**2 + w - 4. What is o(4)?
32
Let t(y) = y**3 - y**2 - 13*y + 14. Determine t(4).
10
Let k(b) = b - 3. Determine k(-3).
-6
Let q(s) = 4*s + 30. Give q(-13).
-22
Let c(t) = 10*t - 5. What is c(1)?
5
Let v(u) = 2*u**3 - 3*u**2 - 7*u - 5. Give v(-2).
-19
Let i(a) = -3*a + 4. Determine i(4).
-8
Let u(i) = -i**3 + 13*i**2 + 12*i + 28. Determine u(14).
0
Let r(l) = -l - 1. Determine r(-3).
2
Let x(u) = -9*u. What is x(2)?
-18
Let q(x) = x**2 - 31*x + 83. Give q(28).
-1
Let t(w) = w - 6. Give t(1).
-5
Let s(r) = r**2 + r - 32. What is s(6)?
10
Let v(m) = -2*m**2 - 11*m - 3. Give v(-8).
-43
Let j(b) = b**2 - 4. What is j(4)?
12
Let u(y) = -y - 12. Calculate u(5).
-17
Let z(q) = q**3 + 11*q**2 - 7. Determine z(-11).
-7
Let l(z) = -z**3 - 7*z**2 - 7*z + 4. Determine l(-4).
-16
Let y(m) = m**2 - 11*m - 62. Determine y(15).
-2
Let s(j) = -2*j**2 - 3*j + 5. Calculate s(2).
-9
Let y(r) = -r**2 + 15*r + 11. Calculate y(4).
55
Let j(f) = -7*f + 1. Give j(4).
-27
Let n(g) = g**3 + 13*g**2 + 11*g + 1. What is n(-12)?
13
Let c(l) = -l**3 + 8*l**2 - 11*l + 11. Calculate c(7).
-17
Let f(g) = -19*g + 41. What is f(8)?
-111
Let k(t) = -3*t**2 - 6*t + 5. Calculate k(-3).
-4
Let b(y) = y**2 + 11*y - 2. What is b(-9)?
-20
Let p(g) = -g**3 - 4*g**2 - 3*g - 9. Give p(-4).
3
Let b(j) = j**3 - 20*j**2 - 42*j - 50. Determine b(22).
-6
Let s(l) = -l**2 - 7*l. Give s(-6).
6
Let h(d) = 11*d - 2. Give h(3).
31
Let i(j) = 89*j**3 - j + 1. Give i(1).
89
Let d(w) = -w**3 - 2*w**2 - 2*w + 3. What is d(-3)?
18
Let h(u) = -2*u**2 + 17*u - 13. Calculate h(9).
-22
Let m(g) = -g**2 + 3*g + 4. What is m(5)?
-6
Let h(p) = -37*p**3 - p**2 + 3*p - 1. Calculate h(1).
-36
Let l(f) = -f**3 + 4*f**2 - 3*f + 1. What is l(4)?
-11
Let u(n) = -n**3 + 7*n**2 - n. What is u(6)?
30
Let x(d) = d - 4. What is x(3)?
-1
Let h(m) = m**2 + m - 4. Calculate h(-2).
-2
Let p(a) = 2*a - 85. Calculate p(0).
-85
Let d(g) = g - 7. Calculate d(18).
11
Let l(s) = -s**3 - 5*s**2 - 6*s - 9. Give l(-4).
-1
Let v(k) = -9*k + 37. Determine v(5).
-8
Let t(g) = -10*g + 7. What is t(0)?
7
Let z(i) = -3*i - 25. What is z(-9)?
2
Let n(p) = p**2 + 26*p - 87. Give n(-29).
0
Let q(n) = n**2 + 6*n + 7. Determine q(-5).
2
Let g(b) = b**3 - 3*b**2 - 3. Give g(-3).
-57
Let u(x) = -x**2 - 41*x - 282. Give u(-33).
-18
Let q(x) = x**2 + 12*x + 36. Calculate q(-6).
0
Let z(u) = u**3 - u**2 - 3*u + 2. Give z(0).
2
Let b(o) = o**3 - 8*o**2 + 19*o - 11. Determine b(3).
1
Let h(t) = 5*t**2 + 8*t - 41. Calculate h(4).
71
Let q(s) = s**3 - 11*s**2 - 25*s - 7. Calculate q(13).
6
Let y(k) = -k**3 - k**2 + 4*k + 3. Determine y(-3).
9
Let w(p) = -p**2 - 2*p + 9. Give w(-4).
1
Let h(m) = -m**3 - 2*m**2 + 20. Determine h(-5).
95
Let h(w) = 2*w**3 + 2*w**2 - 12*w + 9. Give h(2).
9
Let g(a) = -76*a + 513. Give g(7).
-19
Let h(p) = -2*p**3 + 1. Calculate h(-2).
17
Let p(s) = -23*s. Determine p(1).
-23
Let i(x) = x**2 + 8*x - 3. What is i(-6)?
-15
Let x(y) = -6*y - 50. What is x(-8)?
-2
Let g(n) = -n**3 - 2*n**2 + 3*n - 4. Calculate g(-4).
16
Let l(t) = t**3 - 7*t**2 - 9*t + 28. Calculate l(8).
20
Let o(r) = -3*r - 14. What is o(8)?
-38
Let q(l) = -3*l - 35. Determine q(-9).
-8
Let k(y) = -y**3 + 2*y - 1. Determine k(1).
0
Let d(i) = -i**2 - 35*i + 202. Determine d(-40).
2
Let y(r) = r**3 - 6*r**2 + 5*r + 6. Calculate y(5).
6
Let i(x) = 8*x**2 + 64*x + 3. Calculate i(-8).
3
Let b(o) = o**3 - 5*o**2 + 4*o + 4. Give b(5).
24
Let a(p) = 6*p - 8. What is a(9)?
46
Let j(w) = w**3 - 5*w**2 - 3*w + 2. Determine j(4).
-26
Let p(b) = b**2 + 5*b + 21. What is p(-12)?
105
Let m(t) = 17*t - 160. What is m(9)?
-7
Let s(i) = i**3 - i + 145. Calculate s(0).
145
Let s(z) = -z**3 - 28*z**2 + 61*z + 52. Determine s(-30).
22
Let o(b) = -b**3 - 19*b**2 - 33*b + 26. Calculate o(-17).
9
Let s(w) = 6*w**3 + 2*w**2 + 16*w + 16. Give s(-1).
-4
Let c(j) = -j**3 - 20*j**2 + 53*j + 204. What is c(-22)?
6
Let v(g) = g**2 - 10*g + 7. What is v(9)?
-2
Let q(v) = 17*v + 93. Determine q(-5).
8
Let m(a) = 9*a**2 + 2. Give m(-1).
11
Let d(j) = 2*j**2 + 49*j + 76. Give d(-23).
7
Let w(a) = a**2 + a + 3. Determine w(3).
15
Let p(d) = 11*d + 447. Calculate p(-41).
-4
Let h(n) = -n**2 + n + 27. What is h(-5)?
-3
Let o(r) = -26*r + 613. Give o(23).
15
Let v(k) = 18*k + 231. Calculate v(-13).
-3
Let s(q) = -q**2 - 19*q + 15. What is s(-20)?
-5
Let c(x) = 2*x - 6. What is c(-4)?
-14
Let c(m) = -m. Calculate c(8).
-8
Let q(k) = k**3 - 10*k**2 - 10*k - 20. Calculate q(10).
-120
Let n(i) = 7*i - 8. Calculate n(1).
-1
Let c(g) = -5*g + 35. Give c(8).
-5
Let r(n) = -5*n + 33. Give r(6).
3
Let j(w) = -w**2 - 7*w - 2. Calculate j(-5).
8
Let v(u) = -u**3 + 6*u**2 - 9*u + 9. Calculate v(5).
-11
Let w(k) = k**2 - 8*k - 20. Calculate w(9).
-11
Let j(k) = -k**2 - 9*k + 4. What is j(-10)?
-6
Let w(x) = -2*x**2 - x + 2. Determine w(1).
-1
Let b(n) = -2*n**2 + 21*n - 18. Calculate b(10).
-8
Let b(z) = -2*z + 12. What is b(9)?
-6
Let c(t) = -t**2 - 10*t - 2. Give c(-9).
7
Let l(s) = -s**2 + 13*s - 7. What is l(12)?
5
Let k(w) = 3*w + 12. Calculate k(-5).
-3
Let t(w) = w**3 - 12*w**2 - 13*w - 4. Determine t(13).
-4
Let h(f) = 10*f + 8. Determine h(-5).
-42
Let g(j) = -4*j - 10. Calculate g(-12).
38
Let h(m) = m**2 + 3*m - 1. Determine h(2).
9
Let g(b) = -b**3 - 11*b**2 - 11*b - 9. Determine g(-10).
1
Let d(v) = 15*v + 12. Calculate d(-1).
-3
Let v(y) = y**3 + y**2 + y + 7. Determine v(0).
7
Let u(a) = -4*a - 16. Calculate u(-6).
8
Let i(s) = -s**3 + 5*s**2 - 4*s - 3. Calculate i(3).
3
Let a(t) = 8*t - 9. Give a(-7).
-65
Let h(r) = -r**3 - 7*r**2 - 3*r - 16. Calculate h(-7).
5
Let n(g) = g**3 - 32*g**2 - 34*g + 16. What is n(33)?
-17
Let k(y) = -13*y**2 - 8*y - 13. Determine k(-2).
-49
Let r(z) = 2*z**2 + 6*z + 2. What is r(-4)?
10
Let p(k) = -2*k**2 - 3*k. Calculate p(-2).
-2
Let d(c) = -2*c**2 - 19*c + 24. Determine d(-11).
-9
Let b(g) = -194*g - 395. Determine b(-2).
-7
Let v(j) = -7*j**3 + 2*j**2 - 18*j + 17. Give v(1).
-6
Let f(l) = -l**2 + 13*l - 42. What is f(5)?
-2
Let q(g) = -g**3 - 12*g**2 - 9*g + 15. Give q(-11).
-7
Let v(n) = -n**3 + 3*n**2 + n - 4. Calculate v(2).
2
Let y(f) = -9*f + 4. Give y(5).
-41
Let i(u) = -u**2 - 7*u - 8. Calculate i(-3).
4
Let k(h) = 9*h + 1. What is k(-1)?
-8
Let s(t) = 3*t**2 + 12*t + 2. Give s(-6).
38
Let v(c